2 - 3*j - 1. Suppose 2*y - 6 + 0 = 0. Let s be x(y). Let c = -108 - s. What is the units digit of c?
3
Suppose 133 = 44*n - 25*n. Suppose -33*i = n*i - 17400. What is the tens digit of i?
3
Suppose 33*l - 124*l = 118*l - 9321191. What is the units digit of l?
9
Suppose 8*v + 58 = -102. Let b(t) = 14*t - 24. Let o(q) = -5*q + 8. Let s(l) = v*o(l) - 6*b(l). What is the units digit of s(5)?
4
Suppose 56 = -3*c + 7*c. Let j be 662/c - (-1 + (-9)/(-7)). Suppose -4*z + 41 = -j. What is the tens digit of z?
2
Suppose -21*g - 1332 = -19*g. Let i = g + 1222. What is the tens digit of i?
5
Suppose 0 = -5*v - d - 0*d + 3375, -d - 669 = -v. Let h = v - 226. What is the units digit of h?
8
What is the hundreds digit of (-1)/12*-2 + 873533/222 + 33?
9
Let g(q) = 4*q - 5*q**2 - 3 - 7*q + 12*q**2. Let u be g(3). Suppose 74 = a - u. What is the tens digit of a?
2
Let k(q) = 10*q**2 - q - 119. What is the tens digit of k(-29)?
2
Let h(o) = o + 8. Let j be h(-5). Suppose j*g - 326 = g. Suppose 5*n = 87 + g. What is the units digit of n?
0
Suppose 4*i - 169132 = -436*w + 439*w, 126847 = 3*i - 2*w. What is the tens digit of i?
7
Let m be 269 + (8 + -3 - 5). Let a = m + -201. What is the tens digit of a?
6
Let u = -62036 + 115623. What is the ten thousands digit of u?
5
Let v = 3297 + -1729. Suppose -9*h + h + v = 0. What is the hundreds digit of h?
1
Suppose -3*f - 77 = -x, 27*x = f + 23*x + 33. Let b be (3 + -1 - -46)/1. Let k = b + f. What is the tens digit of k?
2
Suppose -5*a = 4*n - 36, 36 = -n + 5*n + 2*a. Suppose n*y - 1490 = 4*y. What is the hundreds digit of y?
2
What is the hundreds digit of 16/120*2022*(-9 + 64)?
8
Let h(u) = 59*u + 6. Let z be h(2). Suppose 3*v = -2*b + 243, 2*b - z = b + v. What is the hundreds digit of b?
1
Let y be 5838/(-10) - (-66)/(-55). Let i = -239 - y. What is the tens digit of i?
4
Suppose 2*i = -2*i + 124. Let g = 56 - i. What is the tens digit of 0 + (-64)/(-5) + 5/g?
1
Suppose 26*l - 5*b = 29*l - 13937, 4*l - 3*b = 18631. Suppose 4*m - 5*n - 4647 = -0*m, -4*m - 2*n + l = 0. What is the thousands digit of m?
1
Suppose -r - 29 = 363. What is the hundreds digit of (-348)/16*r/21?
4
Suppose 4*m = 3*x + 11, -5*x + 2*m = -11 + 34. Let c(v) = -v**3 - 6*v**2 - 6*v. Let n be c(x). Suppose -n*f - 79 + 209 = 0. What is the tens digit of f?
2
Let a be (-1 + (0 - -1))/2 + 0. Let z be 3/5 + (7884/10 - a). Suppose -p - 2*g + z = 4*p, 2*p = g + 321. What is the tens digit of p?
5
Let x(t) be the third derivative of -t**6/120 - t**5/10 + 7*t**4/24 + 7*t**3/6 + 117*t**2 + 2. What is the hundreds digit of x(-12)?
7
Let x be ((-3 + 1)*1)/((-1)/(-11)). Let n = 5 - x. Suppose 225 = -22*g + n*g. What is the units digit of g?
5
Suppose -a - 2*w + 800 = 0, 40*w - 42*w = -2*a + 1594. What is the tens digit of a?
9
Let x be 1*4 + 100/(-20). What is the tens digit of x - (-3282)/(-7 - -13)?
4
Let l = -65 + 69. Suppose 0*d = -4*y + 2*d - 6, -y - l*d = -12. Suppose y = -59*g + 62*g - 474. What is the hundreds digit of g?
1
Suppose -11*v + 6 - 336 = 0. What is the hundreds digit of (v/1 + 45/9)*-39?
9
Let d(m) = 3*m. Let o be d(1). Let t(h) = -42*h - 39. Let k be t(-1). Suppose -4*x + 258 = -o*f, -k*x + f + 196 = 5. What is the tens digit of x?
6
Let u = 202 + -371. Let s = 437 - u. What is the hundreds digit of s?
6
Let i = -128133 - -200681. What is the tens digit of i?
4
Suppose 549*n = 551*n + 8, -3*g - 2*n = -496. What is the units digit of g?
8
Let y = -718 - -1065. Suppose 8*i = -y + 2667. What is the units digit of i?
0
Suppose 5*d = -65 + 2905. Let i = -439 + d. What is the units digit of i?
9
Suppose 3*g - 4*c - 103 = 0, 0*g + c = -g + 46. Let l(t) = -41 - 3 + g - 29 + 80*t. What is the tens digit of l(4)?
8
What is the ten thousands digit of (36/(-4)*452/10)/(103/(-2575))?
1
Let v(l) = l**3 - 72*l**2 + 192*l - 1452. What is the tens digit of v(70)?
8
Suppose -5*i - 9 - 11 = 0. Let o(k) = -4*k**2 - 18*k - 14. Let m be o(-3). What is the tens digit of ((-49)/(-4))/(m/((-64)/i))?
4
Suppose 8 = 5*r + 4*v - 6*v, 5*v = -4*r - 20. Suppose -3*x + 5*t = -862, r*t - 2*t - 568 = -2*x. Let j = x + -138. What is the units digit of j?
1
Let g(j) = 1785*j - 5888. What is the tens digit of g(7)?
0
Let b be -4*3/6 - 0. Let o be 245/(-10)*2 + b. Let a = -24 - o. What is the units digit of a?
7
Suppose -5*w - 2*y = -3*y + 30, w - 2*y = -6. Let m be (53/4 + w/24)*3. Let s = 28 + m. What is the units digit of s?
7
Suppose 10*j - 176498 = 6*j + v, -17*v = -2*j + 88150. What is the thousands digit of j?
4
Suppose -5*o + 9*m = 6*m - 358606, 4*m - 430312 = -6*o. What is the units digit of o?
0
Let t(k) = -308*k + 4964. What is the tens digit of t(-30)?
0
Let d = -271 - -388. Let a be 96 + -98 + 1*57. Let b = d - a. What is the tens digit of b?
6
Suppose -o - 405 = -2*o - 2*b, 3*o = 4*b + 1165. Let i = -141 + o. What is the units digit of i?
4
Let b(w) = -881*w + 24 + 331*w + 537*w + 5*w**2. Suppose 2*c + 3*c - 30 = 0. What is the units digit of b(c)?
6
Let r = -5251 - -14628. What is the thousands digit of r?
9
Let p(b) = b**3 - 7*b**2 + 12*b - 7. Let c be p(5). What is the units digit of ((-4 - -249) + c)/(-2 - -3)?
8
Let k(f) = -f**3 + 11*f**2 + 14*f - 12. Let s be k(12). Let l = s - 10. Suppose 9*c = l*c + 399. What is the tens digit of c?
5
Let i be 6/54*3 - (-5444)/12. Suppose -15*a = -326 - i. What is the units digit of a?
2
Suppose -5*v - 3*t = -291305, -23*t + 15 = -20*t. What is the ten thousands digit of v?
5
Suppose -163*n + 150975 = 2*n. What is the tens digit of n?
1
Suppose -36588 - 47792 = -3*y + 5*k, -3*k - 140644 = -5*y. What is the hundreds digit of y?
1
Suppose -15383 + 723 = -10*n. Suppose 2868 = 11*r - n. What is the units digit of r?
4
Let a be (9/9)/(24/(-9) - -3). Suppose -3*o = a*k - 168, 3*k - 7 - 157 = o. What is the tens digit of k?
5
Let k(o) = 11*o. Let q be k(-4). Let g = q + 22. What is the units digit of (-1)/2*(-4 + 14)*g?
0
Let v be (-12)/10*5/(-2). Suppose v*j - 81 = -18. What is the units digit of (j/(-42))/((-1)/18)?
9
Suppose -70 = -11*k - 3*k. Suppose -3*v - y + 9 = -3*y, 0 = 3*v - y - 9. Suppose c - 3*j = 42, -v*c + k*j = -0*j - 106. What is the units digit of c?
7
What is the thousands digit of (1314 - (-12 + 27))*(-2)/(-2)?
1
Suppose 184*k = 190*k - 34812. What is the units digit of k?
2
Suppose 1472 = -4*b + 4*c, -3*b = -8*b - 3*c - 1872. Let m = b + 615. What is the tens digit of m?
4
Let v be 4/5 - (2 - 333/15). Let u = 13 + v. What is the units digit of (11 + -1)*85/u?
5
Suppose -23*v - 10 = -21*v. Let r = 43 - v. Let g = 141 - r. What is the units digit of g?
3
Let h = -6605 - -11401. What is the hundreds digit of h?
7
What is the units digit of 27/(-18) - (-13566)/4?
0
Suppose -14*j + 7*j - 586340 = -27*j. What is the thousands digit of j?
9
Let m = -7204 + 12684. What is the thousands digit of m?
5
What is the hundreds digit of -6 + 8 + 2258/4*14 - 6?
8
Let r = 450 - 448. Suppose 1409 = 3*l + 2*j, -4*l - r*j + 1874 = -4*j. What is the tens digit of l?
6
Suppose 0 = 25*k + 15985 - 62310. Let q(x) = -x**2 + 3*x - 1. Let w be q(3). What is the tens digit of w/3 + k/51?
3
What is the thousands digit of 222992/84*3/(-12)*-6?
3
Let y be 4/6*(-27)/6. What is the tens digit of (-33966)/(-90) - y/5?
7
Let f = -26 - -26. Suppose -5 = -i + 5*b, f*i + 4*i - b = 39. Suppose -4*s - 156 = -i*s. What is the tens digit of s?
2
Let d be 240/(-105) + (-6)/(-21). What is the tens digit of -4 - 20/d - -869?
7
Suppose 934 = 2*o + 4*l - 370, -3*o + 1935 = -l. Suppose 17*k = -0*k + o. What is the units digit of k?
8
Let m(q) = 3*q**2 - 12*q - 18. Let z(i) = -2*i**2 + 12*i + 18. Let y(f) = 3*m(f) + 4*z(f). Let g = 1853 + -1865. What is the tens digit of y(g)?
1
Suppose 80 = 16*w - 6*w. Let z(g) = -g**3 + 9*g**2 - 8*g + 3. Let m be z(w). Suppose 2*v + m*v + 527 = 2*p, 4*v - 802 = -3*p. What is the hundreds digit of p?
2
Let g(y) = -35*y - 278. Let d be g(7). Let r = 1396 + d. What is the tens digit of r?
7
Suppose -48*k - 47565 = -180*k - 441. What is the tens digit of k?
5
Let n = -851 + 3055. Suppose n = 8*c - 4*c. What is the hundreds digit of c?
5
Let a = -100 - -96. What is the tens digit of a/34 - (-265785)/493?
3
Suppose 90310*f = 90306*f + 33348. What is the hundreds digit of f?
3
Let j = 2211 + 1636. Suppose -4*q - 3*k = -j, -6*q